
{"id":7757,"date":"2016-06-06T04:25:33","date_gmt":"2016-06-06T04:25:33","guid":{"rendered":"https:\/\/postcron.com\/es\/blog\/?page_id=7757"},"modified":"2016-06-09T17:06:43","modified_gmt":"2016-06-09T17:06:43","slug":"programador-php-back-end","status":"publish","type":"page","link":"https:\/\/postcron.com\/es\/blog\/programador-php-back-end\/","title":{"rendered":"Programador PHP (Back-End)"},"content":{"rendered":"<div class=\"own-page\">\n<div class=\"container-fluid header\">\n<h1>Programador PHP (Back-End)<\/h1>\n<\/div>\n<div class=\"container\">\n<div class=\"col-lg-8 col-lg-offset-2\">\n<h2>Te estamos buscando!!!<\/h2>\n<p><img decoding=\"async\" src=\"https:\/\/s3.postcron.com\/blog-es\/2016\/06\/ProgramadorPHP_BackEnd.jpg\" alt=\"Programador PHP BackEnd\" width=\"100%\" class=\"size-full wp-image-7828\" \/><\/p>\n<p class=\"lead\">Queremos un verdadero <strong>Programador<\/strong>, no uno m\u00e1s del mont\u00f3n.<\/p>\n<p><h4>Alguien que&#8230;<\/h4>\n<ul>\n<li>entienda el negocio<\/li>\n<li>disfrute del trabajo en equipo<\/li>\n<li>se comprometa con el proyecto<\/li>\n<li>no s\u00f3lo cambie su tiempo por dinero<\/li>\n<li>busque reinventarse d\u00eda a d\u00eda<\/li>\n<li>ans\u00ede implementar nuevas tecnolog\u00edas<\/li>\n<li>asuma riesgos<\/li>\n<li>valore profesionalizar procesos de desarrollo<\/li>\n<li>est\u00e9 dispuesto dar soporte a m\u00e1s de 2.5 Millones de cuentas sociales<\/li>\n<\/ul>\n<p>Buscamos una persona que, adem\u00e1s de desarrollarse profesionalmente en una de la plataformas SaaS de Marketing Digital m\u00e1s importantes del mundo, est\u00e9 dispuesta al desaf\u00edo m\u00e1s grande de su vida tanto profesional como personal.<\/p>\n<\/div>\n<\/div>\n<hr \/>\n<div class=\"container\">\n<div class=\"col-lg-8 col-lg-offset-2\">\n<div class=\"col-lg-8\">\n<h3>DESCRIPCI\u00d3N DEL PUESTO<\/h3>\n<p>Desarrollo de nuevos features para el sitio <a href=\"\/\/postcron.com\">Postcron.com<\/a>, implementaci\u00f3n de nuevas tecnolog\u00edas y optimizaci\u00f3n de infraestructura y c\u00f3digo para mejorar la performance de carga, bug fixing.<\/p>\n<h3>COMPA\u00d1\u00cdA<\/h3>\n<p>Conoce m\u00e1s sobre nosotros <a href=\"http:\/\/localhost\/sobre-nosotros\/\" target=\"_blank\">aqu\u00ed<\/a><\/p>\n<h3>REQUISITOS EXCLUYENTES<\/h3>\n<h5>Tecnolog\u00edas:<\/h5>\n<ul>\n<li>PHP5 +<\/li>\n<li>Symfony<\/li>\n<li>Facebook API<\/li>\n<li>MySQL<\/li>\n<li>MongoDB<\/li>\n<li>Ajax<\/li>\n<\/ul>\n<h5>Experiencia:<\/h5>\n<ul>\n<li>M\u00e1s de 2 a\u00f1os programando<\/li>\n<li>Desarrollo de (al menos) un proyecto desde cero<\/li>\n<li>Metodolog\u00edas \u00e1giles de desarrollo<\/li>\n<\/ul>\n<h3>SE VALORAR\u00c1<\/h3>\n<h5>Tecnolog\u00edas:<\/h5>\n<ul>\n<li>HTML<\/li>\n<li>CSS<\/li>\n<li>Angular<\/li>\n<li>JavaScript<\/li>\n<li>jQuery<\/li>\n<li>Twitter API<\/li>\n<li>Social Media<\/li>\n<li>HTML5<\/li>\n<\/ul>\n<h5>Experiencia:<\/h5>\n<ul>\n<li>Haber trabajado con alguno de los siguientes frameworks (Doctrine, Cake PHP, etc)<\/li>\n<li>Ingl\u00e9s &#8211; Lectura\/Escritura: Intermedio<\/li>\n<li>Big Data<\/li>\n<li>Optimizaci\u00f3n de aplicaciones de alto tr\u00e1fico<\/li>\n<li>Manejo de infraestructura de cloud<\/li>\n<\/ul>\n<h3>MODALIDAD<\/h3>\n<p>Full time: remoto o in company (C\u00f3rdoba, Arg.)<\/p>\n<h3>Beneficios:<\/h3>\n<h5>In Company:<\/h5>\n<ul>\n<li>Relaci\u00f3n de dependencia<\/li>\n<li>Obra social (Swiss Medical)<\/li>\n<li>Gastos de traslado<\/li>\n<li>Capacitaci\u00f3n trimestral en nuevas tecnolog\u00edas<\/li>\n<li>2 d\u00edas Working from Home<\/li>\n<li>Almuerzos<\/li>\n<li>Snacks<\/li>\n<li>Playroom<\/li>\n<li>Postcron t-shirt<\/li>\n<li>Membres\u00eda de Netflix<\/li>\n<li>Membres\u00eda de Spotify<\/li>\n<\/ul>\n<h5>Remoto:<\/h5>\n<ul>\n<li>Trabajo por objetivos<\/li>\n<li>Contrato de servicios<\/li>\n<li>Firma de NDA<\/li>\n<\/ul>\n<\/div>\n<div class=\"col-lg-4\">\n<div class=\"col-lg-12\" style=\"background-color:#F70; color:#fff; border-radius:15px; padding:15px 20px; margin-top:20px;\">\n<h3>Programador PHP (Back-End)<\/h3>\n<p>D\u00e9janos tu CV aqu\u00ed<\/p>\n<p class=\"wpcf7-contact-form-not-found\"><strong>Error:<\/strong> Formulario de contacto no encontrado.<\/p><\/div>\n<\/div>\n<\/div>\n<\/div>\n<hr \/>\n<div class=\"col-lg-8 col-lg-offset-2 text-center\">\n<h4>Comp\u00e1rtelo si conoces a alguien a quien le interese<\/h4>\n<p>[juiz_sps current=&#8221;0&#8243; counters=&#8221;1&#8243; buttons=&#8221;facebook, twitter, google, linkedin&#8221;]<\/p>\n<\/div>\n<\/div>\n","protected":false},"excerpt":{"rendered":"<p>Programador PHP (Back-End) Te estamos buscando!!! Queremos un verdadero Programador, no uno m\u00e1s del mont\u00f3n. Alguien que&#8230; entienda el negocio disfrute del trabajo en equipo se comprometa con el proyecto no s\u00f3lo cambie su tiempo por dinero busque reinventarse d\u00eda a d\u00eda ans\u00ede implementar nuevas tecnolog\u00edas asuma riesgos valore profesionalizar procesos de desarrollo est\u00e9 dispuesto [&hellip;]<\/p>\n","protected":false},"author":1,"featured_media":0,"parent":0,"menu_order":0,"comment_status":"closed","ping_status":"closed","template":"","meta":{"two_page_speed":[],"footnotes":""},"class_list":["post-7757","page","type-page","status-publish","hentry"],"yoast_head":"<!-- This site is optimized with the Yoast SEO plugin v24.8.1 - https:\/\/yoast.com\/wordpress\/plugins\/seo\/ -->\n<title>Programador PHP (Back-End) - Postcron \u2013 Blog de Marketing en Redes Sociales y de Marketing Digital<\/title>\n<meta name=\"robots\" content=\"index, follow, max-snippet:-1, max-image-preview:large, max-video-preview:-1\" \/>\n<link rel=\"canonical\" href=\"https:\/\/postcron.com\/es\/blog\/programador-php-back-end\/\" \/>\n<meta property=\"og:locale\" content=\"es_ES\" \/>\n<meta property=\"og:type\" content=\"article\" \/>\n<meta property=\"og:title\" content=\"Programador PHP (Back-End) - Postcron \u2013 Blog de Marketing en Redes Sociales y de Marketing Digital\" \/>\n<meta property=\"og:description\" content=\"Programador PHP (Back-End) Te estamos buscando!!! Queremos un verdadero Programador, no uno m\u00e1s del mont\u00f3n. Alguien que&#8230; entienda el negocio disfrute del trabajo en equipo se comprometa con el proyecto no s\u00f3lo cambie su tiempo por dinero busque reinventarse d\u00eda a d\u00eda ans\u00ede implementar nuevas tecnolog\u00edas asuma riesgos valore profesionalizar procesos de desarrollo est\u00e9 dispuesto [&hellip;]\" \/>\n<meta property=\"og:url\" content=\"https:\/\/postcron.com\/es\/blog\/programador-php-back-end\/\" \/>\n<meta property=\"og:site_name\" content=\"Postcron \u2013 Blog de Marketing en Redes Sociales y de Marketing Digital\" \/>\n<meta property=\"article:modified_time\" content=\"2016-06-09T17:06:43+00:00\" \/>\n<meta property=\"og:image\" content=\"https:\/\/s3.postcron.com\/blog-es\/2016\/06\/ProgramadorPHP_BackEnd.jpg\" \/>\n<meta name=\"twitter:card\" content=\"summary_large_image\" \/>\n<meta name=\"twitter:label1\" content=\"Tiempo de lectura\" \/>\n\t<meta name=\"twitter:data1\" content=\"2 minutos\" \/>\n<script type=\"application\/ld+json\" class=\"yoast-schema-graph\">{\"@context\":\"https:\/\/schema.org\",\"@graph\":[{\"@type\":\"WebPage\",\"@id\":\"https:\/\/postcron.com\/es\/blog\/programador-php-back-end\/\",\"url\":\"https:\/\/postcron.com\/es\/blog\/programador-php-back-end\/\",\"name\":\"Programador PHP (Back-End) - Postcron \u2013 Blog de Marketing en Redes Sociales y de Marketing Digital\",\"isPartOf\":{\"@id\":\"https:\/\/postcron.com\/es\/blog\/#website\"},\"primaryImageOfPage\":{\"@id\":\"https:\/\/postcron.com\/es\/blog\/programador-php-back-end\/#primaryimage\"},\"image\":{\"@id\":\"https:\/\/postcron.com\/es\/blog\/programador-php-back-end\/#primaryimage\"},\"thumbnailUrl\":\"https:\/\/s3.postcron.com\/blog-es\/2016\/06\/ProgramadorPHP_BackEnd.jpg\",\"datePublished\":\"2016-06-06T04:25:33+00:00\",\"dateModified\":\"2016-06-09T17:06:43+00:00\",\"breadcrumb\":{\"@id\":\"https:\/\/postcron.com\/es\/blog\/programador-php-back-end\/#breadcrumb\"},\"inLanguage\":\"es-AR\",\"potentialAction\":[{\"@type\":\"ReadAction\",\"target\":[\"https:\/\/postcron.com\/es\/blog\/programador-php-back-end\/\"]}]},{\"@type\":\"ImageObject\",\"inLanguage\":\"es-AR\",\"@id\":\"https:\/\/postcron.com\/es\/blog\/programador-php-back-end\/#primaryimage\",\"url\":\"https:\/\/s3.postcron.com\/blog-es\/2016\/06\/ProgramadorPHP_BackEnd.jpg\",\"contentUrl\":\"https:\/\/s3.postcron.com\/blog-es\/2016\/06\/ProgramadorPHP_BackEnd.jpg\"},{\"@type\":\"BreadcrumbList\",\"@id\":\"https:\/\/postcron.com\/es\/blog\/programador-php-back-end\/#breadcrumb\",\"itemListElement\":[{\"@type\":\"ListItem\",\"position\":1,\"name\":\"Inicio\",\"item\":\"https:\/\/postcron.com\/es\/blog\/\"},{\"@type\":\"ListItem\",\"position\":2,\"name\":\"Programador PHP (Back-End)\"}]},{\"@type\":\"WebSite\",\"@id\":\"https:\/\/postcron.com\/es\/blog\/#website\",\"url\":\"https:\/\/postcron.com\/es\/blog\/\",\"name\":\"Postcron \u2013 Blog de Marketing en Redes Sociales y de Marketing Digital\",\"description\":\"\",\"potentialAction\":[{\"@type\":\"SearchAction\",\"target\":{\"@type\":\"EntryPoint\",\"urlTemplate\":\"https:\/\/postcron.com\/es\/blog\/?s={search_term_string}\"},\"query-input\":{\"@type\":\"PropertyValueSpecification\",\"valueRequired\":true,\"valueName\":\"search_term_string\"}}],\"inLanguage\":\"es-AR\"}]}<\/script>\n<!-- \/ Yoast SEO plugin. -->","yoast_head_json":{"title":"Programador PHP (Back-End) - Postcron \u2013 Blog de Marketing en Redes Sociales y de Marketing Digital","robots":{"index":"index","follow":"follow","max-snippet":"max-snippet:-1","max-image-preview":"max-image-preview:large","max-video-preview":"max-video-preview:-1"},"canonical":"https:\/\/postcron.com\/es\/blog\/programador-php-back-end\/","og_locale":"es_ES","og_type":"article","og_title":"Programador PHP (Back-End) - Postcron \u2013 Blog de Marketing en Redes Sociales y de Marketing Digital","og_description":"Programador PHP (Back-End) Te estamos buscando!!! Queremos un verdadero Programador, no uno m\u00e1s del mont\u00f3n. Alguien que&#8230; entienda el negocio disfrute del trabajo en equipo se comprometa con el proyecto no s\u00f3lo cambie su tiempo por dinero busque reinventarse d\u00eda a d\u00eda ans\u00ede implementar nuevas tecnolog\u00edas asuma riesgos valore profesionalizar procesos de desarrollo est\u00e9 dispuesto [&hellip;]","og_url":"https:\/\/postcron.com\/es\/blog\/programador-php-back-end\/","og_site_name":"Postcron \u2013 Blog de Marketing en Redes Sociales y de Marketing Digital","article_modified_time":"2016-06-09T17:06:43+00:00","og_image":[{"url":"https:\/\/s3.postcron.com\/blog-es\/2016\/06\/ProgramadorPHP_BackEnd.jpg","type":"","width":"","height":""}],"twitter_card":"summary_large_image","twitter_misc":{"Tiempo de lectura":"2 minutos"},"schema":{"@context":"https:\/\/schema.org","@graph":[{"@type":"WebPage","@id":"https:\/\/postcron.com\/es\/blog\/programador-php-back-end\/","url":"https:\/\/postcron.com\/es\/blog\/programador-php-back-end\/","name":"Programador PHP (Back-End) - Postcron \u2013 Blog de Marketing en Redes Sociales y de Marketing Digital","isPartOf":{"@id":"https:\/\/postcron.com\/es\/blog\/#website"},"primaryImageOfPage":{"@id":"https:\/\/postcron.com\/es\/blog\/programador-php-back-end\/#primaryimage"},"image":{"@id":"https:\/\/postcron.com\/es\/blog\/programador-php-back-end\/#primaryimage"},"thumbnailUrl":"https:\/\/s3.postcron.com\/blog-es\/2016\/06\/ProgramadorPHP_BackEnd.jpg","datePublished":"2016-06-06T04:25:33+00:00","dateModified":"2016-06-09T17:06:43+00:00","breadcrumb":{"@id":"https:\/\/postcron.com\/es\/blog\/programador-php-back-end\/#breadcrumb"},"inLanguage":"es-AR","potentialAction":[{"@type":"ReadAction","target":["https:\/\/postcron.com\/es\/blog\/programador-php-back-end\/"]}]},{"@type":"ImageObject","inLanguage":"es-AR","@id":"https:\/\/postcron.com\/es\/blog\/programador-php-back-end\/#primaryimage","url":"https:\/\/s3.postcron.com\/blog-es\/2016\/06\/ProgramadorPHP_BackEnd.jpg","contentUrl":"https:\/\/s3.postcron.com\/blog-es\/2016\/06\/ProgramadorPHP_BackEnd.jpg"},{"@type":"BreadcrumbList","@id":"https:\/\/postcron.com\/es\/blog\/programador-php-back-end\/#breadcrumb","itemListElement":[{"@type":"ListItem","position":1,"name":"Inicio","item":"https:\/\/postcron.com\/es\/blog\/"},{"@type":"ListItem","position":2,"name":"Programador PHP (Back-End)"}]},{"@type":"WebSite","@id":"https:\/\/postcron.com\/es\/blog\/#website","url":"https:\/\/postcron.com\/es\/blog\/","name":"Postcron \u2013 Blog de Marketing en Redes Sociales y de Marketing Digital","description":"","potentialAction":[{"@type":"SearchAction","target":{"@type":"EntryPoint","urlTemplate":"https:\/\/postcron.com\/es\/blog\/?s={search_term_string}"},"query-input":{"@type":"PropertyValueSpecification","valueRequired":true,"valueName":"search_term_string"}}],"inLanguage":"es-AR"}]}},"_links":{"self":[{"href":"https:\/\/postcron.com\/es\/blog\/wp-json\/wp\/v2\/pages\/7757","targetHints":{"allow":["GET"]}}],"collection":[{"href":"https:\/\/postcron.com\/es\/blog\/wp-json\/wp\/v2\/pages"}],"about":[{"href":"https:\/\/postcron.com\/es\/blog\/wp-json\/wp\/v2\/types\/page"}],"author":[{"embeddable":true,"href":"https:\/\/postcron.com\/es\/blog\/wp-json\/wp\/v2\/users\/1"}],"replies":[{"embeddable":true,"href":"https:\/\/postcron.com\/es\/blog\/wp-json\/wp\/v2\/comments?post=7757"}],"version-history":[{"count":22,"href":"https:\/\/postcron.com\/es\/blog\/wp-json\/wp\/v2\/pages\/7757\/revisions"}],"predecessor-version":[{"id":7865,"href":"https:\/\/postcron.com\/es\/blog\/wp-json\/wp\/v2\/pages\/7757\/revisions\/7865"}],"wp:attachment":[{"href":"https:\/\/postcron.com\/es\/blog\/wp-json\/wp\/v2\/media?parent=7757"}],"curies":[{"name":"wp","href":"https:\/\/api.w.org\/{rel}","templated":true}]}}